s digit of g?
1
Let k = 78 - 48. What is the tens digit of (560/200)/(1/k - 0)?
8
Suppose 0 = -o - 0*o + 2*f - 2, -8 = 4*f. What is the units digit of 6/(18/179) + (-2)/o?
0
Let a = -10 + 8. Let o(p) = -3*p**3 + 5*p**2 + 9*p - 4. Let g(y) = -y**3 + 3*y**2 + 4*y - 2. Let d(w) = a*o(w) + 5*g(w). What is the units digit of d(-4)?
6
Let g(z) = 5*z**2 + 9*z + 13. Let c be g(-6). Suppose 0 = -2*n - 3*r + 58 + 43, -2*r = 3*n - c. What is the tens digit of n?
4
Suppose 49 = -5*z - 1. What is the units digit of (-6 - 1055/z)/((-2)/(-4))?
9
Suppose -i = -5, y + 2*i - 1291 = 5*i. What is the hundreds digit of y?
3
Let s(k) = -6*k - 19. Let h(g) = -5*g - 17. Let q be h(-7). Let v = q - 28. What is the tens digit of s(v)?
4
What is the thousands digit of 3*30/(-9) - -1197?
1
Suppose o + 3*z = -2*z + 11, 0 = 2*o + 4*z - 22. Suppose 14*t - 612 = o*t. What is the tens digit of t?
0
Suppose -5*t - 3*z + 0 = -3, 4 = -t + 4*z. Suppose -a = -k - 4*k - 2, 4*k + a + 7 = t. What is the tens digit of k/3 - (-169)/3?
5
Let z be (-2)/(-8) + 648/(-32). Let v be (-363)/(-4) + (-5)/z. Let k = v - 35. What is the tens digit of k?
5
Suppose 4*i = 7*i + 3. Suppose 4*w + 3*v + 36 = -v, 5*v = 15. Let q = i - w. What is the tens digit of q?
1
Let l(o) = 4*o**2 - 92*o + 27. What is the tens digit of l(27)?
5
Let d = 622 + -443. What is the tens digit of d?
7
Let m(b) = 4*b**2 - 2*b. Suppose -6*u - 3 = -7*u. What is the units digit of m(u)?
0
Suppose -3*w - 5*t = 20, 1 - 5 = -4*w + t. Suppose w*q + q - 48 = 0. What is the tens digit of q?
4
Suppose -8*s + 3*s - 125 = 0. Let q = -19 - s. Let n(u) = u**2 + 3*u - 10. What is the units digit of n(q)?
4
Let l(c) = -5*c - 8. Let s(v) = 2*v**2 - v. Let w be s(2). Suppose -24 = w*y - 2*y. What is the units digit of l(y)?
2
Let r(c) = 2*c**2 - 25*c - 17. Let k be r(14). Let j = k - -58. What is the tens digit of j?
8
Let j(a) = -a**2 + 8*a - 7. Let b(x) = -5 + 19 - 13*x**2 + 14*x - 8 + 3*x**3 - 4*x**3. Let s be b(-14). What is the units digit of j(s)?
5
Let u(y) = -y - 5. Let w be u(-9). Suppose 2*k + w*a - 26 = 0, 3*a = -k + 6 + 9. Let s = k + -3. What is the units digit of s?
6
Suppose 2*y - 6 = 0, t = -3*y + 107 + 197. What is the hundreds digit of t?
2
Suppose 378*f - 12620 = 373*f. What is the tens digit of f?
2
Suppose 6*w - 88 = 2*w. Suppose -5*g = -w - 33. Suppose g*n = 8*n + 102. What is the units digit of n?
4
Let x(v) = -2*v + 7. Let g be x(9). Let w = g - -28. What is the units digit of w?
7
Let k = -6592 + 9465. What is the thousands digit of k?
2
Suppose -6*g + 5*g - 4*z + 375 = 0, 5*g - 5*z = 1850. What is the units digit of g?
1
Let o(t) = 63*t - 4. What is the tens digit of o(1)?
5
Let r = -7 - -9. Let j be 28 - (r + -1)*-1. Suppose -3*h + 4*h = -2*w + 25, 0 = -2*h + 3*w + j. What is the tens digit of h?
1
Suppose p + 4 = 0, 0*x - 56 = -x - p. Let v = x - 57. What is the units digit of v?
3
Let a(o) = -o**3 + 6*o**2 - 3*o + 7. Suppose -d - 4*d = -25. What is the units digit of a(d)?
7
Let m = 586 + -181. Let c be 0 - (1 + 0) - -1. Suppose c = 9*p - 4*p - m. What is the tens digit of p?
8
Let u = -13 + -5. Suppose -2*s - 176 = -4*w, -3*s - 126 = -3*w - 0*w. Let a = u + w. What is the tens digit of a?
2
Let j = 31 + 71. Let f = 103 + j. Suppose -5*z = 60 - f. What is the tens digit of z?
2
Let o = 297 - -848. What is the hundreds digit of o?
1
Let a(w) = -16 + 10 + 18 - 11*w. What is the units digit of a(-5)?
7
Let q = -711 + 1540. What is the tens digit of q?
2
Let c = 7823 + -5432. What is the units digit of c?
1
Let h = -196 + 131. Let z = -20 - h. What is the units digit of z?
5
Suppose -4*x + 44 = 3*p - 115, 5*x - p - 213 = 0. Suppose -7*n - 7 = -x. What is the units digit of n?
5
Suppose s + 2*s - 54 = 0. Suppose 10*f - 7*f + s = 0. What is the units digit of 5/(-10) + (-39)/f?
6
Suppose 301 - 70 = 3*o. Let b be (-1398)/34 - (-2)/17. Let j = o + b. What is the tens digit of j?
3
Let k = -154 + 268. Let x(b) = -9*b + 248. Let q be x(27). What is the tens digit of (-50)/(-20)*k/q?
5
Let b be (-3 - -8)/(-10) - 5/2. What is the units digit of 1/(534/177 + b)?
9
Suppose 0 = -5*r + 3662 + 2818. Suppose -4*y = -16*y + r. What is the hundreds digit of y?
1
What is the units digit of -580*18/(-12)*(-6)/(-9)?
0
What is the units digit of (-15)/6*(-1376)/10?
4
Let n(s) = 40*s**3 + 4*s**2 - 10*s. What is the units digit of n(3)?
6
Let k = -65 - -66. What is the units digit of (-102 + k/(-1))/(3/(-3))?
3
Let c = 139 - 77. Suppose -4*z + 4 = 0, 3*p - 4*p - 4*z + c = 0. What is the tens digit of p?
5
Suppose -231 = 3*n - 5*n - a, 4*n = 3*a + 457. Let o = n - 72. What is the units digit of o?
3
Let w = 164 - -192. Let z = w + -160. What is the hundreds digit of z?
1
What is the hundreds digit of 9810/36 - 2/(-4)?
2
Suppose -3*m + 286 = q + 110, -2*q = -5*m + 286. Suppose -12 = 2*j - 5*j. Suppose 6*l - m = j*l. What is the units digit of l?
9
Let w(f) = -2*f + 4. Let p be w(5). Let b(y) = 2*y + 9. Let s be b(p). What is the units digit of (s + 6 - 1)/1?
2
Let x be -4 + ((-76)/(-4) - 3). Suppose 1546 = x*b - 1262. What is the tens digit of b?
3
Suppose z + 84 = -5*u + 530, 3*z - 1314 = -3*u. What is the hundreds digit of z?
4
Let x = 16 - 11. Let v(b) = -3*b + 12. Let z(y) = y - 1. Let o(s) = v(s) + 5*z(s). What is the units digit of o(x)?
7
Suppose -9*b - 290 + 6887 = 0. What is the units digit of b?
3
Suppose 677*s - 412 = 679*s. Let u(a) = 23*a - 1. Let i be u(-6). Let h = i - s. What is the tens digit of h?
6
Let h = -305 - -1072. What is the tens digit of h?
6
Suppose -35 = -10*m + 5*m. Let g(r) = 5*r - 8. What is the units digit of g(m)?
7
Let o(r) = 11*r - 6. Let x be o(-3). Let d = x - -105. What is the units digit of d?
6
Let v(z) = z**2 + 9*z - 58. What is the units digit of v(-15)?
2
Suppose -2*n + 1130 = -5*k + 3108, 5*n - 374 = -k. What is the hundreds digit of k?
3
Let o = -82 - -93. Suppose o*p - 534 = 8*p. What is the hundreds digit of p?
1
Suppose 3*c - 5*o - 40 = 33, 2*c = -4*o + 34. Let p be 6/(-24) - c/(-4). Suppose -5*k + 4*k = 4*b - 23, -5*b - p = 0. What is the units digit of k?
7
Let q = -29 - -70. Suppose 0 = -33*a + q*a - 1384. What is the hundreds digit of a?
1
Let w(s) = 471*s**3 + s**2 + 4*s - 5. What is the tens digit of w(1)?
7
Suppose -2*p = -2*w + 3026, -7*p = -6*p + 2. What is the thousands digit of w?
1
Let c be ((-110)/(-4))/(1/2). Suppose -52*o + c*o = 264. What is the units digit of o?
8
Suppose w - 5328 = -21*p + 19*p, -2*p + 5320 = -3*w. What is the hundreds digit of p?
6
Let k(w) = w**3 - 9*w**2 - 11*w + 13. Let b be k(10). Suppose -l - 117 = -5*y - b, 5*l + 42 = y. What is the tens digit of y?
2
Let f = 300 + -22. What is the tens digit of f?
7
Suppose 5*h + o - 27607 = 0, 7*o = 4*h + 12*o - 22094. What is the thousands digit of h?
5
Suppose -108 = -2*g + 122. Let a = 50 - 114. Let f = a + g. What is the tens digit of f?
5
Let j be (-8)/6*36/(-16). Suppose j*h = 0, -2*f + 5*h + 0 = -8. Suppose 5*l - 23 = u, -4*u = l - f - 9. What is the units digit of l?
5
Let r(d) = d**2 - 4*d + 2. Let z be r(3). Let q = -8 - z. Let i(k) = k**2 + 6*k + 2. What is the units digit of i(q)?
9
Let r = -6 + 13. Let p be 2*(2 + r/(-1)). Let u = 26 + p. What is the units digit of u?
6
Suppose -4*x = -12, 0 = 5*s + 2*x + 3*x - 895. Let r = s - -4. What is the tens digit of r?
8
Suppose 0 = -4*h - 2*o + 3058, 5*h + 4*o - 3090 = 728. What is the units digit of h?
6
Let l(t) = 2*t**2 + 2*t + 2. Let p = 14 - 15. Let m be l(p). What is the units digit of (-115)/(-4) + m/8?
9
Let t(y) = 2*y**2 + y + 3. Let o(i) = -i**3 + 6*i**2 + 8*i - 4. Let z be o(7). Suppose -q = -j + 2*q + z, 2*q = 5*j + 11. What is the units digit of t(j)?
8
Suppose 2*i - 10 = 0, 7466 = 5*l - 3*i - 2534. What is the hundreds digit of l?
0
Let m(g) = 6*g + 2. Let l be m(-3). Suppose 2*n - 4*u - 13 = -9*u, u = -4*n + 17. What is the units digit of (1 + -8)/(n/l)?
8
Let c = 162 - -6. What is the hundreds digit of c?
1
Let i(r) = -r**3 - 4*r**2 + 3. Let w be i(-4). Let q be 0/2 + -2 + w. Let d = q + 24. What is the units digit of d?
5
Let m be (-1026)/(-15) - 6/15. Suppose -2*q + m = -q. What is the tens digit of q?
6
Suppose 2*b + 16 = 4*v, -5*v + 0*v = 3*b - 20. Let s(z) = v*z + 2*z**2 + 0*z**2 - 2 - 1. What is the units digit of s(-5)?
7
What is th